test common factor of s and 14.
14
Let w(f) = 4*f + 3. Let v be w(0). Let m be 46 - -3*(-4)/v. Suppose 43*h - m*h = 153. Calculate the greatest common divisor of 17 and h.
17
Suppose 24*b = -6*b + 2280. What is the greatest common divisor of b and 1710?
38
Let r = -354 + 356. Suppose -131 = -r*o + 13. Calculate the greatest common factor of o and 16.
8
Let l be (-27 + -274)*2/28*-2. Calculate the highest common factor of l and 3483.
43
Let z(p) = -44*p**3 + 3*p**2 + 3*p + 1. Let v be (-15)/30*4/2. Let y be z(v). What is the highest common factor of y and 27?
9
Suppose 5*c + 5*u = 305, -121*c + u + 167 = -118*c. What is the greatest common factor of 817 and c?
19
Suppose 0*s + 3*s = 84. Suppose -8*b - 1438 = 1890. Let m = 428 + b. Calculate the greatest common factor of m and s.
4
Let o = 8 - -5. Suppose 42*z - 30*z - 12 = 0. What is the highest common factor of o and z?
1
Let u = -241915 - -242002. Let i = 3 - 0. What is the highest common factor of i and u?
3
Suppose 0 = 3*f - 4*r, -5*r - 15 = 3*f - 4*r. Let c be -4 + 5 + 4 - f. Let m be (c + (4 - 2))/(2/50). Calculate the highest common factor of 25 and m.
25
Let j(p) = 18*p - 258. Let b be j(19). Suppose b*i + 152 = 88*i. What is the highest common divisor of 95 and i?
19
Suppose -150 = 744*j - 745*j + 5*p, -3*p = -2*j + 237. What is the highest common divisor of j and 20370?
105
Let w = -28 - -40. Let h be (w - (0 - -4))*-1. Let q = h - -21. What is the highest common divisor of q and 117?
13
Suppose 324 = o - 198. Suppose -3*l + 2*z = 2*l - o, 2*z = -2. Calculate the greatest common divisor of 39 and l.
13
Let d be (12/2)/3 - -403. Let f be 1 + -9 + (-371)/(-7). What is the greatest common factor of d and f?
45
Let s be (-8 + (-304)/(-24))*(-7)/((-49)/180). What is the greatest common divisor of s and 1020?
60
Let v(f) = f**3 - 7*f**2 + 5*f + 12. Suppose 0 = -4*p - 0*c - 5*c - 1, -3*c + 9 = 4*p. Let u be v(p). What is the greatest common factor of 3 and u?
3
Let r(j) = -j**2 + 3*j + 11. Let u be r(6). Let g(x) = -31*x - 157. Let d be g(u). Calculate the highest common divisor of 264 and d.
12
Suppose -125*r + 5*p = -130*r + 11110, 4*r - 8889 = -3*p. Calculate the greatest common factor of r and 468.
117
Let d be (2 - 1)*(-3 - (9 - 8)). Let l be (-3 - (-30)/8)/(d/(-80)). What is the highest common divisor of 12 and l?
3
Suppose -r = 4*r - 220. Let d(s) = s**3 - 6*s**2 - 5*s + 52. Let q = -425 + 432. Let b be d(q). Calculate the greatest common divisor of b and r.
22
Let x = -82 + 86. Suppose -x*f + 319 = f + o, 0 = -f + 5*o + 43. Suppose -6*l + f = 3*l. Calculate the highest common divisor of 119 and l.
7
Let i = -1687 - -3663. What is the highest common divisor of 114 and i?
38
Let b(g) = 21*g - 3. Let y be b(3). Let r(s) = 7*s + 94. Let z be 50 + -40 + 0 + -2. Let d be r(z). Calculate the greatest common factor of y and d.
30
Let w be ((-2)/3)/(20/(-90)). Suppose 5*j - 14 - 11 = -5*d, -w*j = -6. Suppose 3*y - 21 = -d. What is the greatest common factor of y and 66?
6
Let q = -150 + 290. Let d = 59 + -53. Let m(r) = 2*r**2 - 11*r + 8. Let x be m(d). Calculate the highest common divisor of q and x.
14
Let x(g) = -243*g + 67. Let w be x(-5). Suppose -2*y = -2, -6*f = -2*f + 2*y - w. What is the highest common factor of f and 40?
40
Suppose 205*c - 7040 = 197*c. Let a = -560 + c. Calculate the greatest common factor of a and 40.
40
Let u = -371 - -667. Let n = -76 + u. What is the greatest common factor of n and 20?
20
Let l = 4760 - 4737. What is the highest common divisor of 1196 and l?
23
Suppose 0*p + 5*p = -1690. Let k = -286 - p. Suppose 5*l + 2*a - 34 = 3*l, 5*a + 6 = 2*l. Calculate the greatest common divisor of l and k.
13
Suppose -159254 + 265339 + 193835 = 326*o. Calculate the highest common factor of o and 90.
10
Suppose -2*l + 17 + 1343 = 0. Suppose 0 = -a + 6*a - l. Suppose 0 = -4*c - 4*b + a, 0 = -5*c - 2*b + 191 - 9. What is the greatest common divisor of c and 266?
38
Let s = -398 - -404. Let n(g) = 2*g**3 - 2*g**2 + 13*g - 3. Let r be n(s). Calculate the highest common factor of 45 and r.
15
Let t(v) = -52*v**3 + 0*v + 51*v**3 + 65 - 20*v + 20*v**2. Let y be t(19). Calculate the highest common divisor of 10 and y.
2
Suppose 2*t = 5*r + 7 - 6, 4*r + 5 = 3*t. Suppose t*j + 0*j = -2*x + 72, -4*x + 144 = -3*j. Calculate the greatest common divisor of 90 and x.
18
Suppose h - 15 = -n + 5, -2*n + 31 = -h. Let v(j) = -26*j + 29*j + 6 + n. Let y be v(4). Calculate the greatest common factor of 14 and y.
7
Let q(g) = -238*g - 108. Let b be q(-3). Suppose -b = -3*u - 0*u - 4*v, 15 = 5*v. Calculate the greatest common factor of 36 and u.
18
Suppose -21*t - 7*t = 23 - 331. Calculate the highest common divisor of 3278 and t.
11
Suppose -124*f + 317*f = 9264. Suppose 4*k + 3*u - 564 = 0, -3*k + 528 - 116 = 5*u. Calculate the highest common divisor of f and k.
48
Suppose -269*i + 174 = -182*i. What is the greatest common divisor of 3226 and i?
2
Let p be (878/(-3))/((-10)/(-15)). Let i = -241 - p. Calculate the highest common divisor of i and 54.
18
Suppose 0 = -10*g + 2400 - 360. What is the greatest common factor of g and 132?
12
Let c = 71 + -71. Suppose -2*l + 13 = -11*i + 6*i, c = 4*i + 20. Let v(y) = y + 19. Let a be v(l). Calculate the greatest common divisor of a and 39.
13
Let h(i) = -i**3 + 27*i**2 - 31*i + 1717. Let m be h(28). What is the greatest common factor of m and 6539?
13
Let f be 1118/4 + (7/2 - 3). Suppose -4*x = x + f. Let z = -42 - x. Calculate the highest common divisor of z and 35.
7
Suppose -4*n + 8 = f, f - 2*f + 7 = 3*n. Suppose x = -x + f. Let w(g) = 11*g - 553. Let o be w(51). What is the highest common divisor of o and x?
2
Suppose 0 = -3*t + 22 + 23. Suppose -t*n + 60 = -9*n. Let i = 124 + -74. Calculate the greatest common divisor of i and n.
10
Let b(f) = 14*f**2 + 35*f + 16. Let n be b(-7). What is the highest common divisor of 1 and n?
1
Let v = 28731 - 23986. Calculate the highest common factor of 715 and v.
65
Suppose -2*j - b = -0*b - 38, 0 = -5*j + 5*b + 110. Suppose 1642 + 6038 = 12*d. Calculate the highest common divisor of j and d.
20
Let i = -255 - -145. Let h = i - -154. Let d be 23 + (60 - (-19 + 36)). What is the greatest common divisor of d and h?
22
Let b(j) be the first derivative of 17*j**2 - 81*j - 51. Let z be b(17). Calculate the greatest common divisor of z and 142.
71
Let u be ((-160500)/(-90))/((-2)/(-3)) + -2. What is the highest common factor of 66 and u?
33
Suppose 22*u - 378 = 15*u. Calculate the greatest common factor of 5778 and u.
54
Suppose -101 + 43 = 73*k - 204. Suppose 2*y - 7 = h, 5 = h + 4*h. Calculate the highest common divisor of k and y.
2
Suppose 64750*r + 6684 = 64752*r. Calculate the highest common factor of 6 and r.
6
Suppose 0 = r + 20*u - 300, 5*r - 3*u - 1209 = -224. Calculate the highest common factor of 475 and r.
25
Let p be (-1934114)/(-2366) + 24/(-52). Calculate the highest common divisor of 172 and p.
43
Suppose t = 6*t - 3*c - 8683, 1747 = t + 2*c. Suppose -t = -12*o + 2533. Let i = -237 + o. Calculate the greatest common factor of i and 7.
7
Let n = 1573 - 1565. What is the highest common factor of n and 2824?
8
Let c be 140/56*(-864)/(-20). What is the highest common factor of c and 8748?
108
Let r(b) = b**3 + b**2 + 2*b - 6. Let z be r(4). Let u be (-48)/(-28)*((-4 + -21)/5 + -2). Let n = u + z. What is the highest common divisor of 10 and n?
10
Let h = 47 + -10. Suppose 0 = x + 7*y - 518, -2*y = 15*x - 17*x + 1036. Calculate the greatest common factor of h and x.
37
Let y(n) = -n**3 - 8*n**2 - 8*n - 4. Let h be y(-7). Suppose h*p = 8*p - 930. What is the highest common factor of p and 6?
6
Let f(d) = 8*d - 83. Let y be f(13). Let o(a) = a + 91. Let t be o(y). What is the highest common factor of 14 and t?
14
Suppose -2*m - 59 = -3*x - 74, 5*m - 2*x - 65 = 0. Let b be ((-1)/2)/((-1)/(-26)). Let h = b + m. What is the highest common divisor of 5 and h?
1
Let t = 16 - 14. Suppose -53 + 169 = t*k. Suppose 0 = 30*i - 33*i + 435. Calculate the highest common factor of i and k.
29
Let a = 2168 - 1096. Suppose -22*g + a = -6408. What is the greatest common divisor of 136 and g?
68
Let n(a) = a**3 - a**2 - 20*a + 11. Let m be n(6). Suppose 9*c - 19 = m. Calculate the greatest common factor of c and 60.